{"id":296,"date":"2011-04-05T17:27:21","date_gmt":"2011-04-05T15:27:21","guid":{"rendered":"http:\/\/www.st-maria-jettenhausen.de\/wordpress\/?page_id=296"},"modified":"2021-09-11T16:57:32","modified_gmt":"2021-09-11T14:57:32","slug":"offentlichkeitsarbeit","status":"publish","type":"page","link":"https:\/\/www.st-maria-jettenhausen.de\/wordpress\/orga-teams\/offentlichkeitsarbeit","title":{"rendered":"\u00d6ffentlichkeitsarbeit"},"content":{"rendered":"<p>Das Fachgebiet \u00d6ffentlichkeitsarbeit besch\u00e4ftigt sich mit verschiedenen Aufgaben. Es hilft bei der Organisation von Veranstaltungen in der Gemeinde, bei denen die Jugend hilft, wie beispielsweise der Kiziba-Tag oder das Narrenbaumstellen. Ebenfalls ist es mit der Gemeinde in Kontakt, trifft Ansprachen bez\u00fcglich bevorstehender Termine und stellt einen Ansprechpartner f\u00fcr den KGR da. Zus\u00e4tzlich wird die Teilnahme an gemeinde\u00fcbergreifenden Aktionen, wie zum Beispiel das Fu\u00dfballturnier in Meckenbeuren, geplant. Eine weitere wichtige Aufgabe ist das Informieren der Gemeinde \u00fcber die Jugendarbeit durch Infoabende, Plakate, etc. Das Fachgebiet steht au\u00dferdem mit dem Jugendreferat in Kontakt und fungiert als Postempf\u00e4nger. Desweiteren sorgt es f\u00fcr die Informationsweitergabe an das Leitungsteam und an das Pfarrb\u00fcro.<\/p>\n<p>Ansprechpartner:<\/p>\n<ul>\n<li>Fabio Griebel<\/li>\n<li>Luca Abberger<\/li>\n<\/ul>\n<p>Kontakt: oeffentlichkeit@minis-st-maria.de<\/p>\n","protected":false},"excerpt":{"rendered":"<p>Das Fachgebiet \u00d6ffentlichkeitsarbeit besch\u00e4ftigt sich mit verschiedenen Aufgaben. Es hilft bei der Organisation von Veranstaltungen in der Gemeinde, bei denen die Jugend hilft, wie beispielsweise der Kiziba-Tag oder das Narrenbaumstellen. Ebenfalls ist es mit der Gemeinde in Kontakt, trifft Ansprachen bez\u00fcglich bevorstehender Termine und stellt einen Ansprechpartner f\u00fcr den KGR da. Zus\u00e4tzlich wird die Teilnahme [&hellip;]<\/p>\n","protected":false},"author":2,"featured_media":0,"parent":49,"menu_order":0,"comment_status":"open","ping_status":"open","template":"","meta":{"ngg_post_thumbnail":0,"footnotes":""},"class_list":["post-296","page","type-page","status-publish","hentry"],"_links":{"self":[{"href":"https:\/\/www.st-maria-jettenhausen.de\/wordpress\/wp-json\/wp\/v2\/pages\/296","targetHints":{"allow":["GET"]}}],"collection":[{"href":"https:\/\/www.st-maria-jettenhausen.de\/wordpress\/wp-json\/wp\/v2\/pages"}],"about":[{"href":"https:\/\/www.st-maria-jettenhausen.de\/wordpress\/wp-json\/wp\/v2\/types\/page"}],"author":[{"embeddable":true,"href":"https:\/\/www.st-maria-jettenhausen.de\/wordpress\/wp-json\/wp\/v2\/users\/2"}],"replies":[{"embeddable":true,"href":"https:\/\/www.st-maria-jettenhausen.de\/wordpress\/wp-json\/wp\/v2\/comments?post=296"}],"version-history":[{"count":9,"href":"https:\/\/www.st-maria-jettenhausen.de\/wordpress\/wp-json\/wp\/v2\/pages\/296\/revisions"}],"predecessor-version":[{"id":759,"href":"https:\/\/www.st-maria-jettenhausen.de\/wordpress\/wp-json\/wp\/v2\/pages\/296\/revisions\/759"}],"up":[{"embeddable":true,"href":"https:\/\/www.st-maria-jettenhausen.de\/wordpress\/wp-json\/wp\/v2\/pages\/49"}],"wp:attachment":[{"href":"https:\/\/www.st-maria-jettenhausen.de\/wordpress\/wp-json\/wp\/v2\/media?parent=296"}],"curies":[{"name":"wp","href":"https:\/\/api.w.org\/{rel}","templated":true}]}}