{"id":305,"date":"2011-04-05T17:32:45","date_gmt":"2011-04-05T15:32:45","guid":{"rendered":"http:\/\/www.st-maria-jettenhausen.de\/wordpress\/?page_id=305"},"modified":"2021-09-11T16:45:12","modified_gmt":"2021-09-11T14:45:12","slug":"leiter-gemeinschaft-und-fortbildung","status":"publish","type":"page","link":"https:\/\/www.st-maria-jettenhausen.de\/wordpress\/orga-teams\/leiter-gemeinschaft-und-fortbildung","title":{"rendered":"Leiter, Gemeinschaft und Fortbildung"},"content":{"rendered":"<p>Das Fachgebiet Leiter, Gemeinschaft und Fortbildung ist haupts\u00e4chlich f\u00fcr die Fort- und Weiterbildung des Leitungsteams zust\u00e4ndig. Es informiert sich dar\u00fcber, welche Fort- und Weiterbildungen angeboten werden und ob diese vom Leitungsteam besucht werden. Es gibt auch Leiter-Fortbildungsh\u00fctten mit aktuellen Themen, welche das Fachgebiet selbst vorbereitet und durchf\u00fchrt. Um die Gemeinschaft zu f\u00f6rdern werden Leiterausfl\u00fcge mit verschiedenen Aktivit\u00e4ten geplant und durchgef\u00fchrt.<\/p>\n<p>Ansprechparnter:<\/p>\n<ul>\n<li>Dominik Kissner<\/li>\n<li>Marius Hildebrand<\/li>\n<\/ul>\n<p>Kontakt: gemeinschaft@minis-st-maria.de<\/p>\n","protected":false},"excerpt":{"rendered":"<p>Das Fachgebiet Leiter, Gemeinschaft und Fortbildung ist haupts\u00e4chlich f\u00fcr die Fort- und Weiterbildung des Leitungsteams zust\u00e4ndig. Es informiert sich dar\u00fcber, welche Fort- und Weiterbildungen angeboten werden und ob diese vom Leitungsteam besucht werden. Es gibt auch Leiter-Fortbildungsh\u00fctten mit aktuellen Themen, welche das Fachgebiet selbst vorbereitet und durchf\u00fchrt. Um die Gemeinschaft zu f\u00f6rdern werden Leiterausfl\u00fcge mit [&hellip;]<\/p>\n","protected":false},"author":2,"featured_media":0,"parent":49,"menu_order":0,"comment_status":"open","ping_status":"open","template":"","meta":{"ngg_post_thumbnail":0,"footnotes":""},"class_list":["post-305","page","type-page","status-publish","hentry"],"_links":{"self":[{"href":"https:\/\/www.st-maria-jettenhausen.de\/wordpress\/wp-json\/wp\/v2\/pages\/305","targetHints":{"allow":["GET"]}}],"collection":[{"href":"https:\/\/www.st-maria-jettenhausen.de\/wordpress\/wp-json\/wp\/v2\/pages"}],"about":[{"href":"https:\/\/www.st-maria-jettenhausen.de\/wordpress\/wp-json\/wp\/v2\/types\/page"}],"author":[{"embeddable":true,"href":"https:\/\/www.st-maria-jettenhausen.de\/wordpress\/wp-json\/wp\/v2\/users\/2"}],"replies":[{"embeddable":true,"href":"https:\/\/www.st-maria-jettenhausen.de\/wordpress\/wp-json\/wp\/v2\/comments?post=305"}],"version-history":[{"count":11,"href":"https:\/\/www.st-maria-jettenhausen.de\/wordpress\/wp-json\/wp\/v2\/pages\/305\/revisions"}],"predecessor-version":[{"id":757,"href":"https:\/\/www.st-maria-jettenhausen.de\/wordpress\/wp-json\/wp\/v2\/pages\/305\/revisions\/757"}],"up":[{"embeddable":true,"href":"https:\/\/www.st-maria-jettenhausen.de\/wordpress\/wp-json\/wp\/v2\/pages\/49"}],"wp:attachment":[{"href":"https:\/\/www.st-maria-jettenhausen.de\/wordpress\/wp-json\/wp\/v2\/media?parent=305"}],"curies":[{"name":"wp","href":"https:\/\/api.w.org\/{rel}","templated":true}]}}

<p>Das Fachgebiet Leiter, Gemeinschaft und Fortbildung ist hauptsächlich für die Fort- und Weiterbildung des Leitungsteams zuständig. Es informiert sich darüber, welche Fort- und Weiterbildungen angeboten werden und ob diese vom Leitungsteam besucht werden. Es gibt auch Leiter-Fortbildungshütten mit aktuellen Themen, welche das Fachgebiet selbst vorbereitet und durchführt. Um die Gemeinschaft zu fördern werden Leiterausflüge mit verschiedenen Aktivitäten geplant und durchgeführt.</p>
<p>Ansprechparnter:</p>
<ul>
<li>Dominik Kissner</li>
<li>Marius Hildebrand</li>
</ul>
<p>Kontakt: gemeinschaft@minis-st-maria.de</p>

<p>Das Fachgebiet Leiter, Gemeinschaft und Fortbildung ist hauptsächlich für die Fort- und Weiterbildung des Leitungsteams zuständig. Es informiert sich darüber, welche Fort- und Weiterbildungen angeboten werden und ob diese vom Leitungsteam besucht werden. Es gibt auch Leiter-Fortbildungshütten mit aktuellen Themen, welche das Fachgebiet selbst vorbereitet und durchführt. Um die Gemeinschaft zu fördern werden Leiterausflüge mit [&hellip;]</p>
